remainder when m is divided by 2*9*(-110)/(-220).
5
Suppose 4*h + 153 = -5*h. Let t(z) = -z**3 - 18*z**2 - 25*z - 39. Let a = 50 + -36. Calculate the remainder when t(h) is divided by a.
13
Let f be (-2 - -3)*(-1191)/(-3). Let v = 415 - f. Calculate the remainder when 227 is divided by v.
11
Let l = 4299 + -4113. What is the remainder when l is divided by 95?
91
Let d(f) = -f**3 - 13*f**2 + 3*f - 34. Let h be d(-12). Let a = h + 414. Calculate the remainder when a is divided by 67.
66
Let z(b) = -b**2 + 7*b + 10. Let s(x) = -8*x**3 - x - 1. Let h be s(-1). Let i be z(h). Suppose 4*g = i + 2. Calculate the remainder when 1 is divided by g.
0
Suppose -3*s - p + 158 = 0, 0 = 2*s + p - 0*p - 105. Let o be ((-15)/(-6))/(1 - (-22)/(-20)). Let k = o + 43. Calculate the remainder when s is divided by k.
17
Let j(f) = -18*f**2 - 12*f + 62*f**2 - 11 - 22*f**2 - 23*f**2. Let p(d) = -3*d - 9. What is the remainder when j(-8) is divided by p(-5)?
3
Suppose -7*d = -2*d - 5. Let j = d - -2. Suppose 5*y - 67 = -3*h, -20*h + 16*h + 5 = -y. Calculate the remainder when y is divided by j.
2
Let a(n) = n**3 - 4*n**2 + 2. Let p be a(4). Suppose k - 48 = -p*k. Suppose -2*h = -104 + k. Calculate the remainder when h is divided by 5.
4
Let j = 42 - 40. Suppose -4*k = -3*b + 58, -j*k - 2*b = -b + 34. Calculate the remainder when 137 is divided by (-763)/(-56) + (-6)/k.
11
Suppose -19*f = -30*f + 121. Suppose 5*u - 9 = -2*r, r + 5*u - 6 = u. Suppose r*y - 6*y + 160 = 0. What is the remainder when y is divided by f?
7
Let k(l) = l**2 + 143*l - 2692. What is the remainder when 4890 is divided by k(17)?
18
Suppose -y - 4*y = -1610. Let t = 8628 + -8574. What is the remainder when y is divided by t?
52
Let o be (-52)/2 - (7 + -3 - 5). Let l = o - -39. Suppose 11*d - 9*d = l. What is the remainder when d is divided by 6?
1
Let p = -11488 - -11528. Suppose 339 - 2251 = -4*d. What is the remainder when d is divided by p?
38
Suppose -2*j + 3*b = -7534, 0 = 44*j - 39*j + b - 18852. What is the remainder when j is divided by 1254?
8
Let c = 92 - 90. Suppose 5*k - 52 = c*l, 6*l = -k + 9*l. Calculate the remainder when 1*-6*69/(-9) is divided by k.
10
Let p(m) = 16*m - 115. Suppose d = 3*t - 34, 2*t - 3*t = -2*d - 18. Calculate the remainder when 84 is divided by p(t).
39
Suppose 64*x - 45*x - 114 = 0. Let k be (-1107)/(-21) + (-2)/(-7). Let a = 86 - k. What is the remainder when a is divided by x?
3
Calculate the remainder when 5 + ((-35478)/(-9))/6 is divided by 205.
47
Suppose -12 = q + q. Suppose 373*f - 2961 - 1164 = 5200. What is the remainder when f is divided by 14/(-6)*1*q?
11
Let a(u) = u**3 - 5*u + 4. Suppose -3*i - 5*p + 0 = 17, -p - 5 = -i. Let x be i + 4 + -6 + 5. What is the remainder when a(x) is divided by 17?
14
Suppose -18*b = -5*b - 1053. What is the remainder when b is divided by 22 - ((-5)/(-3) + (-16)/24)?
18
Let b = -2171 + 2230. Calculate the remainder when 1178 is divided by b.
57
Suppose 0 = x - 4*x + 2*q + 685, 5*q + 904 = 4*x. Suppose 4*j = 3*g + x - 1, -4*j + 242 = 3*g. Let k = -53 + j. What is the remainder when 17 is divided by k?
5
Suppose -2*r - 84 = -6*r. Suppose 10*i = 610 - 460. Calculate the remainder when r is divided by i.
6
Suppose 0 = 83*z - 75*z - 312. Let o(t) = -t**3 + 40*t**2 - 40*t + 93. Calculate the remainder when o(z) is divided by ((-3)/(6/14))/(-1).
5
Suppose -37 = -3*z - 5*g, -11 - 20 = -z + 3*g. Suppose z - 3 = 2*y. Suppose 212 + 356 = y*s. Calculate the remainder when s is divided by 15.
11
Suppose 3*w - 4*j - 60 = 0, 10*w + 2*j = 5*w + 100. What is the remainder when (36/21)/(33/(-35) - -1) is divided by w?
10
Let s(t) = 15*t + 18. Let z(o) = -4*o - 4. Let g(a) = -5*s(a) - 21*z(a). What is the remainder when 36 - 7/((-14)/(-4)) is divided by g(2)?
10
Let w = 21280 - 21161. Let g(j) = 2*j**2 - 5*j + 6. What is the remainder when w is divided by g(5)?
26
Let z(u) = -10*u - 211. Suppose 4*l - 549 = 3*x - 106, l - x = 111. Calculate the remainder when l is divided by z(-24).
23
Let r = 39 + -18. Suppose -33*m + 3*d + 14 = -34*m, -d + 22 = 3*m. Calculate the remainder when 6/r - 542/(-14) is divided by m.
9
Let l = 1345 + -1323. What is the remainder when 254 is divided by l?
12
Let f(k) = -4*k**2 + 126*k + 59. What is the remainder when f(30) is divided by 108?
23
Let c(n) = 2*n**3 - 10*n**2 - 18*n - 1. What is the remainder when c(10) is divided by 6?
3
Let k be ((-14)/(-6))/(5 + 832/(-168)). Let a = k + -21. Calculate the remainder when 81 is divided by a.
25
Suppose -4*y = 10*n - 212, -6*n - 16 = -7*n - 3*y. Let v = 235 - 158. What is the remainder when v is divided by n?
11
Let c(a) = -a**3 + 3*a**2 + 5*a + 7. Let q be c(5). Let v be (-2 + 33)*(-13)/(26/4). Let y = q - v. Calculate the remainder when y is divided by 15.
14
Suppose 155 = 2*f - 281. Suppose 2*z = -2*s - 6 + 56, 0 = -3*s + 2*z + 60. Calculate the remainder when f is divided by s.
20
Let m(z) = 10*z**2 + 3*z + 3. Let p(o) = 6*o + 15. Let i be p(-2). Let w = 46 - 33. What is the remainder when m(i) is divided by w?
11
Suppose -86*x + 95*x = 333. What is the remainder when 55 is divided by x?
18
What is the remainder when 2351 is divided by ((-369)/164)/((6/(-140))/(40/25))?
83
Let x(j) = j**3 - 2*j**2 + 5*j - 6. Let g be 5 + 1 + (-4)/2. Calculate the remainder when x(g) is divided by (-30)/(-8)*1044/(-783) - -32.
19
Let g = 26 - 13. Let p(m) = 2*m**2 - 7*m + 115. Calculate the remainder when p(0) is divided by g.
11
Let c = 464 + -255. Let o = c - 187. What is the remainder when 60 is divided by o?
16
Let t = 92 - 73. Suppose -2759 = -t*s - 346. Let o = 62 + -30. What is the remainder when s is divided by o?
31
Let w = -3920 + 4089. What is the remainder when 3040 is divided by w?
167
What is the remainder when (3/2)/(-23 - (-5591440)/243104) is divided by 20?
17
Suppose 13*a = 43*a - 18*a - 3552. Calculate the remainder when a is divided by 78.
62
Let i(c) = 2*c**3 - 133*c**2 + 66*c + 66. What is the remainder when 386 is divided by i(66)?
56
Suppose -2*a + 60 = 5*y - 35, -4*y = 5*a - 110. Let q(w) = 103*w + 3. Calculate the remainder when q(3) is divided by y.
12
Let j = 16288 + -11208. Calculate the remainder when j/35 - 1/7 is divided by 49.
47
Let t(o) = -7*o**2 + 6*o - 4*o + 9 + o**3 - 9*o. Let h be t(8). Suppose h = r - 80. Calculate the remainder when r is divided by 14.
13
Suppose 3*w - 10*w + 704 - 81 = 0. Suppose 0 = 4*s + s - 480. Let m = -66 + s. Calculate the remainder when w is divided by m.
29
Let i be (5222/(-56))/((-3)/(-12)). Let z = -202 - i. Calculate the remainder when z is divided by 45.
36
Let v(b) = -223*b + 127. Let u(q) = 148*q - 85. Let k(f) = -7*u(f) - 5*v(f). Calculate the remainder when k(9) is divided by 21.
20
Let r(t) = 147*t - 2049. What is the remainder when 53 is divided by r(14)?
8
Suppose 45*m - 18*m - 1053 = 0. What is the remainder when 135 is divided by m?
18
Suppose -g - 4*p - 30 = -p, -5*g - 106 = 4*p. Let x = 52 + g. What is the remainder when x is divided by (53/5 - -2) + 24/(-40)?
10
Calculate the remainder when 6 - (13 - (2281 - -4)) is divided by 8.
6
Suppose 133 = x - v, -v = -2*x - 0*v + 265. Suppose -4 = -4*r, -13 = 4*a - 5*r - x. Calculate the remainder when (-8981)/(-49) + 10/(-35) is divided by a.
28
What is the remainder when 1515 is divided by ((-2)/4)/((-44)/2904)?
30
Let a = -20148 - -20682. Calculate the remainder when a is divided by 91.
79
Let h = 120 + -118. What is the remainder when 73 is divided by (-26)/h*(9 - 12)?
34
What is the remainder when -9 - -89*(-2 - -9) - 1 is divided by 106?
83
Suppose -m + 49 = -2. Suppose -5*t + 107 = -88. Suppose -5*f = 4*u + u - 65, 4*u + t = 3*f. What is the remainder when m is divided by f?
12
Let w = -4632 + 4849. Calculate the remainder when w is divided by 32.
25
Let w = -209 - -246. Let y = -59 + 38. Let x = w + y. What is the remainder when 61 is divided by x?
13
Suppose -54*z = -14*z - 1640. Suppose 5*k = 2*r + 1187, -2*r = -45*k + z*k + 948. What is the remainder when k is divided by 15?
14
Let o = 879 - 585. Let l = -282 + o. Suppose -f - 5*q = -0*f - 68, -3*f = 4*q - 182. What is the remainder when f is divided by l?
10
Suppose 32*s - 1757 = 4771. What is the remainder when 401 is divided by s?
197
Let z = -20063 + 21951. Calculate the remainder when 